ulate the highest common divisor of n and 67.
67
Let y be 748/5 + -3*12/(-90). What is the highest common factor of 6 and y?
6
Let d(m) = m**3 - m**2 - 32*m - 7. Let n be d(7). What is the greatest common divisor of 49 and n?
7
Let l be ((-55)/4)/(2/(-8)). Let a be (-39)/26 - (-74)/4. Suppose -a + 2 = -3*f. What is the highest common divisor of l and f?
5
Let u be 558/27 + (-4)/(-18)*-3. Calculate the greatest common factor of 290 and u.
10
Suppose -1656 = -5*p + 2*k, -84 = -p + 2*k + 244. Suppose 62 = -2*y + p. Let w = -7 + 34. What is the highest common factor of y and w?
27
Let y(d) = -2*d**2 + 22*d - 38. Let o be y(8). Calculate the highest common divisor of 2 and o.
2
Suppose 0 = -t + 2*a + 1419, 0 = 5*t - 2*a - 2991 - 4104. Calculate the highest common factor of t and 33.
33
Let m(s) = s**3 - 8*s**2 - 8*s + 4. Let r be m(9). Suppose -r = -5*p - 3. Suppose 0 = -3*g + 94 + p. Calculate the highest common factor of g and 48.
16
Let d(m) = -m + 6. Suppose -9 + 1 = -4*y. Let v be d(y). Let w be 2/v*2*1. Calculate the greatest common divisor of 2 and w.
1
Let f(x) = 712*x**2 + 17*x + 18. Let q be f(-1). Calculate the greatest common factor of q and 31.
31
Let x = -7 - -42. Let t = -75 - -45. Let y be (-1030)/(-150) + (-4)/t. What is the highest common factor of x and y?
7
Suppose -4*g + 369 - 293 = 0. Calculate the greatest common divisor of g and 4807.
19
Suppose -2*z - 244 = -3*z. Let l be ((-3)/2)/((-6)/z). Suppose j + 4*j = 3*f - 18, 5*f = -2*j + l. Calculate the highest common divisor of 110 and f.
11
Let x(c) = 19*c**2 + 10*c + 6. Let a be x(-4). What is the greatest common divisor of 216 and a?
54
Suppose 4*l - 1308 = 280. Suppose 4*k + l = 1081. Calculate the highest common divisor of 19 and k.
19
Suppose 0 = 2*s + 3*s - 30. Let t(p) = -s*p**2 + 6*p**2 + 5 - 7*p - p**2. Let k be t(-6). What is the highest common divisor of 77 and k?
11
Let r(i) = 5*i - 12. Let p(u) = u**3 - 3*u**2 + 6*u - 2. Let o be p(2). Let h be r(o). What is the highest common factor of h and 6?
6
Let n(g) = 60*g - 42. Let c be n(13). Calculate the greatest common factor of 72 and c.
18
Suppose 4*x - 3*r = 854, x - 5*r = 127 + 78. Calculate the highest common factor of 344 and x.
43
Let w = -185 + 577. What is the greatest common divisor of w and 49?
49
Suppose 393 - 57 = 14*k. What is the highest common factor of k and 8?
8
Let h(k) = -k**2 + 6*k + 7. Let w = 10 + -4. Let l be h(w). Calculate the highest common divisor of l and 28.
7
Let n(h) = 10*h**2 + 3*h - 3 - 9*h**2 - 3. Let b be n(-5). Suppose 0*q - 3*q - 29 = -b*c, -c - 3*q + 26 = 0. Calculate the greatest common divisor of 1 and c.
1
Let c be 457 - (6 - (-26)/(-2)). What is the greatest common divisor of 29 and c?
29
Suppose 0 = -v + 2*t, 2*v - 23 = -5*t + 4. Suppose 2*z = -6, -5*g - 5*z + 16 - 11 = 0. What is the greatest common divisor of v and g?
2
Let t(z) = -4*z**2 + 56*z - 12 + 5*z**2 - 61*z. Let n be t(7). Calculate the highest common factor of n and 22.
2
Suppose -4*a - 105 = -21. Let l be 133/a*-2*27/2. Suppose 0 = -7*r + 3*r + 76. What is the greatest common factor of l and r?
19
Suppose 0 = -6*v + 2*v + 4. Suppose -l + 3*t - 17 = -2*l, t = l - v. Suppose l*x - 242 = 3*x. Calculate the greatest common divisor of 11 and x.
11
Let b(u) = -25*u - 1. Let g be b(-1). Suppose 2*l - 4 - g = 0. Let s = l + -9. What is the highest common factor of 2 and s?
1
Suppose -5*b + 8 = 3*q - 13, 11 = q + 3*b. Suppose -9 = -m + q. Let v = 52 - 41. Calculate the greatest common factor of m and v.
11
Let d(l) = -l + 440. Let u be d(-56). What is the greatest common divisor of u and 32?
16
Let u(d) = -d**3 + 3*d**2 + 4*d - 1. Let n be u(3). Suppose 6*y + 88 = 8*y. Suppose -y = 30*o - 31*o. Calculate the highest common divisor of o and n.
11
Suppose -3*c + 1274 = d - 0*d, 0 = 2*c + d - 848. Calculate the greatest common divisor of c and 6.
6
Let n(c) = 100*c - 293. Let s be n(13). What is the highest common divisor of 57 and s?
19
Suppose 0 = -2*p + 3*d - 9, d - 3 = -2*p - 0. Suppose -10*s + 4*s + 204 = p. Calculate the highest common factor of s and 272.
34
Suppose 4*i - 13944 = -13*a + 9*a, -5*a + 5 = 0. What is the highest common divisor of i and 85?
85
Let o(l) = 24*l - 77. Let g be o(8). What is the highest common divisor of 69 and g?
23
Suppose -75 + 31 = -4*f. Calculate the greatest common factor of 198 and f.
11
Let q be 42/8 - (-21)/(-84). Suppose -3*o - q*j = -205, -5*j = o - 53 - 32. Calculate the highest common divisor of o and 30.
30
Suppose -75 = g - 90. Suppose -2*f = -1 - 3. Let o be ((-3)/(-2))/(f/4). What is the greatest common divisor of o and g?
3
Let a(r) = r**2 + 5*r - 4. Let g be a(-3). Let i be (g/(-20))/(2/16). Suppose -20 = -i*x + 2*x. What is the greatest common factor of x and 30?
10
Suppose -35*f + 84 = -38*f. Let i = 50 + f. Suppose 4*v - 10 = 122. Calculate the greatest common factor of v and i.
11
Let v(x) = -x**3 + 8*x**2 + 11*x - 8. Let s be v(9). What is the highest common divisor of 370 and s?
10
Let x(n) = n**3 + 5*n**2 - 15*n - 25. Let g be x(-5). Suppose -k - 2*k + 229 = -2*y, -k = 4*y - 67. What is the highest common factor of k and g?
25
Let h be (-7569)/(-45) + 3/(-15). What is the greatest common divisor of 63 and h?
21
Let v(o) = 23*o**2 - 3. Let t be v(5). Suppose l - 3*l + t = j, -l - j = -284. What is the highest common factor of l and 36?
36
Suppose 950 + 5026 = 83*c. Calculate the greatest common factor of 204 and c.
12
Let i(v) = 12*v**2 - 1 + 4 - 11*v**2. Let k be i(-5). Suppose -3*w - 4*z + k = 0, -2*w + 13 + 3 = 4*z. Calculate the highest common factor of 18 and w.
6
Let b = -23 - -30. Let q(h) = h - 4*h - h - b + 0*h. Let n be q(-4). What is the greatest common divisor of n and 45?
9
Let t = 25 + -27. Let w be t/(-2) - 2 - -13. Suppose -2*l - 2*l = -48. What is the highest common factor of l and w?
12
Suppose 6*b - 14*b = -64. Let j(w) = -5*w - 2*w**2 - 6 + 3*w**2 + 0*w**2. Let k be j(7). Calculate the greatest common divisor of k and b.
8
Suppose -4*j + 4*p = -1780, 5*j + 2*p - 2581 = -377. Calculate the greatest common divisor of 26 and j.
26
Let i(y) = -y**2 - 12*y + 93. Let s be i(-17). What is the greatest common factor of s and 2?
2
Suppose 3*w - 5*r - 29 = 0, 5*w + r - 11 = -0*r. Let y be (-3)/(w + (-123)/40). Calculate the greatest common factor of y and 30.
10
Let s be 3/2*(28 - 6). Calculate the greatest common factor of s and 66.
33
Suppose 2*o + k - 72 = -36, 4*k = 2*o - 56. Let l be (4/10)/((-2)/(-250)). Calculate the greatest common divisor of l and o.
10
Let a = 10 - 6. Let j = -69 - -69. Suppose 14*s - 11*s - 6 = j. Calculate the highest common factor of s and a.
2
Let k be -1 - -26 - (0 + 12/(-6)). Calculate the greatest common divisor of k and 54.
27
Let a(d) = 2*d**2 + 2*d + 4. Let k be a(-4). Suppose -8*g + 161 - 849 = 0. Let r = 222 - g. What is the greatest common divisor of k and r?
28
Suppose 4*y - 3*y = 15. Let d = y - 10. Suppose 0 = -c - 3*c + f + 73, -13 = -c - d*f. Calculate the greatest common divisor of c and 27.
9
Suppose 4*u = 4*p + 876, 0 = -2*u - 4*p + 259 + 191. What is the highest common factor of 13 and u?
13
Suppose -88 = -4*r - 4*q, 2*r + 0*q - 46 = -3*q. Let k be (9 + -2)*r/2. Calculate the greatest common divisor of k and 14.
14
Suppose 6*s = 2*s - 3*c + 60, 0 = 3*s + 3*c - 42. Suppose s = 3*d - d. Let v(q) = -2*q - 5. Let o be v(-7). What is the highest common divisor of d and o?
9
Let m(t) = 4*t + 13. Let y be m(9). Let q = 81 - y. Calculate the highest common divisor of 24 and q.
8
Let w(x) = 54*x + 530. Let u be w(-9). Calculate the highest common divisor of u and 352.
44
Let x(z) = -z. Let d(m) = -12*m. Let n(w) = 4*d(w) - 36*x(w). Let f be n(-6). Calculate the greatest common factor of f and 12.
12
Let a(b) = -b**3 + 8*b**2 - 3*b - 8. Let v be a(7). Calculate the greatest common divisor of v and 100.
20
Suppose -2*k + 6 = w, w + 15 - 3 = 4*k. Let v = -6 - -9. Suppose v*p - 7 = 4*a, -5*a + 0*a = -k*p + 5. What is the highest common factor of a and 3?
1
Let p be (-9)/(-6) + 2/4. Suppose n - p*n = -80. Let k be (4 + 12)/(1/1). Calculate the highest common divisor of k and n.
16
Suppose -3*c = -5*c + 50. Let b be (-6)/(-18) + (-64)/(-6). Suppose 0 = -t - 2*u + b, -6 + 0 = -2*u. What is the greatest common divisor of t